pose 0 = 2*k - 5*x - 4 - 20, -3*k + 36 = -3*x. Let u be (-45)/(-10)*80/6. Calculate the greatest common factor of u and k.
12
Let d = 49 - 47. Let w(i) = -i + 2*i + 4*i**2 - 3 + 1. Let n be w(d). Calculate the highest common factor of 48 and n.
16
Let x be (-2)/(-8) + 721/28. Calculate the highest common factor of 39 and x.
13
Suppose -3*s + 2*w + 50 = 0, -s + 4*s - 5*w - 62 = 0. Suppose -o + 2*i + s = -0*o, o = -5*i. What is the highest common factor of 90 and o?
10
Let a be 2/8 - 1176/(-32). Suppose -4*i - 2*m + a - 5 = 0, 5*i + m = 34. What is the highest common divisor of 30 and i?
6
Let c(k) = -k + 13. Suppose -t = -4, t = -i - t + 19. Let x be c(i). Calculate the greatest common factor of x and 10.
2
Let f = 25 - 13. Calculate the greatest common divisor of f and 132.
12
Let p(o) = o**2 + 3*o + 7. Suppose 30 = -3*h + 12. Let t be p(h). What is the greatest common divisor of t and 225?
25
Suppose 7*b - 3*b = 32. Suppose 2*l = l - z, -4*z - 2 = 3*l. Suppose -6 - b = -l*i. What is the greatest common factor of 28 and i?
7
Suppose 3*f = -2*f. Let j be (-2 - (f - 4)) + 16. What is the greatest common factor of j and 72?
18
Suppose -12 = -p - 4. Calculate the highest common factor of 2 and p.
2
Suppose 0 = 3*b + b - 68. Suppose 28 = 3*a - b. What is the highest common factor of 6 and a?
3
Let i be 3 - (3 + -6 + 4). Calculate the greatest common factor of 5 and i.
1
Let y be 19/4*(0 + (-12)/(-3)). Calculate the greatest common factor of y and 38.
19
Let m be (-62)/6 - (-4)/(-6). Let w = 19 - m. Calculate the highest common factor of w and 75.
15
Let l = -50 + 28. Let p = 7 + -20. Let t = p - l. What is the greatest common factor of 99 and t?
9
Let z be (-3)/((-4)/(64/6)). Suppose -8*g + 3*g + 1340 = 0. Suppose 2*y = -4*j + 96, -5*y = j + 2*j - g. What is the greatest common factor of z and y?
8
Let o be (12/(-9))/(2/(-441)). Suppose 5*h = o + 146. Calculate the highest common divisor of 8 and h.
8
Let u(z) = 2*z**2 + 42*z + 48. Let t be u(-23). What is the highest common factor of 40 and t?
20
Let i = -38 - -101. Suppose 8 - 2 = 2*n, 3*n - 297 = -4*z. Let d be (-1 + -1)*z/(-16). What is the highest common factor of i and d?
9
Suppose -2*v - 2*v + 5*h = -395, 3*v + 2*h = 325. What is the greatest common divisor of 42 and v?
21
Let z be (-2 - -1)*(-17)/(85/50). Calculate the greatest common factor of z and 110.
10
Suppose v - 11 = -0*v. Let g = 58 - 3. Calculate the highest common divisor of v and g.
11
Let t be (-6)/4 + (-70)/4. Let h = t + 28. What is the highest common factor of h and 6?
3
Let h = -23 - -38. Calculate the greatest common factor of h and 30.
15
Let k(t) = -t**3 + 6*t**2 - 6*t + 3. Let v be k(5). Let z be ((-11)/v)/(2/48). What is the greatest common divisor of 12 and z?
12
Let n be (-40)/(-4) - -3 - -1. Calculate the highest common divisor of 112 and n.
14
Let v = 5 + 1. Let d = v + 111. Let l = d + -57. What is the highest common factor of l and 24?
12
Suppose 648 = -2*i + 6*i + 3*u, 0 = i + 5*u - 162. Suppose 3*y - 2*y - i = 0. What is the greatest common divisor of 18 and y?
18
Let j(w) = -w**2 - 6*w + 3. Let o be j(-6). Let f be (80/6)/((-2)/(-30)). Let l be (o/6)/(2/f). What is the highest common divisor of 10 and l?
10
Let q = 1 + -3. Let l be 2*-2*(0 + q). Suppose 0 = 5*h - 91 + 11. Calculate the greatest common factor of l and h.
8
Let m(d) = d**2 + 4*d - 5. Let r be m(-6). Let k be (-1)/(-1)*r*4. Let v be (0 + 5)*(-4)/(-5). What is the greatest common factor of v and k?
4
Let u be (-7)/(((-6)/3)/6). Calculate the greatest common factor of u and 21.
21
Suppose -7 = -2*f + 5. Calculate the greatest common divisor of f and 6.
6
Suppose 0 = -4*w - 0*w + 28. Calculate the greatest common factor of w and 35.
7
Let s(b) = b**3 + 3*b**2 - 2*b + 1. Let p be s(2). Let j be (-39)/(-15) + (-4)/(-10). Suppose -j*a = -4*a + p. What is the greatest common factor of 153 and a?
17
Suppose 97 + 167 = 2*p. Suppose -b + 2*y = 3*y - 26, -5*y = -20. Calculate the greatest common factor of p and b.
22
Let a(w) = -6*w + 2*w**2 - w**3 - 5 - 15*w**2 - 7*w. Let o be a(-12). What is the highest common divisor of o and 77?
7
Let j be (22/(-8))/(6/(-24)). Suppose j = 4*k - 5. What is the highest common factor of 28 and k?
4
Let a = -26 + 10. Let r be (-964)/a + 1/(-4). Suppose 4*q + 3 = -4*m + 35, m = -3*q. Calculate the greatest common factor of m and r.
12
Suppose -3*r + 528 = 8*r. Calculate the greatest common factor of r and 120.
24
Let p(n) = 0*n + 5 + 6*n + 4 + 0. Let t be p(4). What is the highest common divisor of t and 22?
11
Suppose -22 = -4*w + 170. Calculate the highest common divisor of 12 and w.
12
Let b = 13 + -20. Let i = b - -15. What is the highest common factor of i and 12?
4
Suppose -2*r - 44 = -6*r. Let v(m) = m - 5. Let t be v(r). Calculate the greatest common divisor of t and 66.
6
Let n(y) = -4*y - 35. Let t be n(-9). What is the greatest common divisor of 13 and t?
1
Let k(d) = -d**2 + 5*d + 4. Let v be k(5). Let x be v/18 - (-50)/18. Calculate the highest common divisor of x and 24.
3
Let v be (2 + -7)/(2/(-4)). Calculate the greatest common divisor of v and 4.
2
Let t be (-35)/(-14)*2/5. Let s(k) = 34*k + 1. Let i be s(t). Suppose y - 2*y - 4*d + 32 = 0, -5*d - i = -5*y. What is the highest common divisor of 96 and y?
12
Suppose -2*s = -4, 2*q + 10 = 3*q + 2*s. Suppose 4*p + 12 = p. Let v be (0 + 1)/(p/(-72)). What is the greatest common divisor of q and v?
6
Suppose -112 = -2*a + 2*g, g + 2*g + 117 = 2*a. What is the greatest common factor of a and 34?
17
Suppose 3*f + 2*u = -f + 60, 25 = f - 2*u. What is the highest common divisor of f and 136?
17
Let u(d) = -2*d**2 - 10*d + 5 + 10 + d**2. Let b = -14 + 3. Let c be u(b). What is the highest common factor of c and 44?
4
Let i be (-3)/2*(-44)/3. Let t = i + -9. Calculate the highest common factor of 13 and t.
13
Let t = 5 - 1. Suppose 0 = -5*x + 2*v + 61, -t*x + 18 = -v - 32. Calculate the highest common factor of 13 and x.
13
Let i = 5 + -3. Let y be -3 + ((-42)/i)/(-3). Suppose 0*f = 2*f + 5*w - 8, -f + 2*w + y = 0. Calculate the greatest common factor of f and 16.
4
Let i(c) = -3*c + 1. Let n be i(1). Let g be n/(-4)*2 - -2. Let m be 21/(-7)*(-10)/g. What is the greatest common factor of 2 and m?
2
Suppose 2*m = 5*m - 60. Calculate the highest common divisor of 40 and m.
20
Let n be (10/(-8))/(3/(-12)). Suppose 4*d - 207 = n*b + 221, d - 92 = 5*b. What is the highest common divisor of d and 16?
16
Let d be (-1 - ((-15)/2)/(-5))*-2. What is the highest common factor of d and 2?
1
Let o(i) = 20*i**2 - 12*i + 13. Let q(c) = -5*c**2 + 3*c - 3. Let u(b) = -2*o(b) - 9*q(b). Let z be u(2). Calculate the highest common divisor of z and 45.
15
Suppose 5*k = 3 + 7. Let n be (k - 0)/(1 - -1). Let f be (-46)/(-2) + (n - 0). Calculate the highest common divisor of 12 and f.
12
Let x = 12 - -27. What is the highest common divisor of x and 26?
13
Let p(w) = 3*w - 52. Let q be p(18). What is the highest common factor of q and 22?
2
Let b be (0 + 1)/(-1*3/(-192)). Calculate the greatest common factor of b and 16.
16
Let m be (1 + 6/(-4))*-6. Let g = -4 + 10. Suppose g*t - 8 = 2*t. What is the greatest common divisor of m and t?
1
Suppose 11 + 1 = -3*t, 2*t + 2 = 3*v. Let r be v + 0 + 187 - -2. What is the greatest common divisor of r and 17?
17
Let k be (-16)/5*35/(-2). What is the greatest common factor of 7 and k?
7
Let m(f) be the second derivative of f**4/12 + 5*f**3/6 - f**2 - 2*f. Let y be m(-4). Let x = 4 - y. Calculate the greatest common divisor of x and 30.
10
Suppose 4*u - 67 = -11. Suppose 5*b - 5*k = 20, -5*b = 4*k - 3*k - u. What is the highest common factor of b and 18?
3
Let d be (23/(-23))/((-2)/34). Let w = 6 + -4. Let o be 17/(0 + w/10). What is the greatest common factor of d and o?
17
Let x(i) = 99*i**2 - 1. Let g be x(-1). Let v be 76/6*9/3. Suppose v = 2*z + 10. What is the greatest common divisor of z and g?
14
Let z be (2 - 7 - -3) + 79. Calculate the greatest common divisor of 7 and z.
7
Suppose 2*h - 41 = -2*h - 3*n, -h + 4*n = -34. Let s be 69/(-9) + 2/3. Let r be -2 - s/(h/48). What is the greatest common factor of 33 and r?
11
Suppose 2*g + 25 = 7*g. Suppose 2*x + 99 = -2*x - g*u, -x - 36 = -u. Let b = -21 - x. What is the greatest common factor of b 